{"id":1949,"date":"2020-10-16T12:31:23","date_gmt":"2020-10-16T12:31:23","guid":{"rendered":"http:\/\/casther.com\/web\/?page_id=1949"},"modified":"2020-11-05T22:28:59","modified_gmt":"2020-11-05T22:28:59","slug":"productos-impermeabilizante","status":"publish","type":"page","link":"https:\/\/casther.com\/web\/productos-impermeabilizante\/","title":{"rendered":"Productos-Impermeabilizante"},"content":{"rendered":"\t\t<div data-elementor-type=\"wp-page\" data-elementor-id=\"1949\" class=\"elementor elementor-1949\" data-elementor-post-type=\"page\">\n\t\t\t\t\t\t<section class=\"elementor-section elementor-top-section elementor-element elementor-element-4577b63 elementor-section-boxed elementor-section-height-default elementor-section-height-default\" data-id=\"4577b63\" data-element_type=\"section\" data-settings=\"{&quot;background_background&quot;:&quot;classic&quot;}\">\n\t\t\t\t\t\t<div class=\"elementor-container elementor-column-gap-default\">\n\t\t\t\t\t<div class=\"elementor-column elementor-col-100 elementor-top-column elementor-element elementor-element-0d45a43\" data-id=\"0d45a43\" data-element_type=\"column\">\n\t\t\t<div class=\"elementor-widget-wrap elementor-element-populated\">\n\t\t\t\t\t\t<div class=\"elementor-element elementor-element-e6ac316 elementor-widget elementor-widget-image\" data-id=\"e6ac316\" data-element_type=\"widget\" data-widget_type=\"image.default\">\n\t\t\t\t<div class=\"elementor-widget-container\">\n\t\t\t\t\t\t\t\t\t\t\t\t\t<img fetchpriority=\"high\" decoding=\"async\" width=\"700\" height=\"150\" src=\"https:\/\/casther.com\/web\/wp-content\/uploads\/2020\/11\/nuestros_productos_naranja_FINAL.jpg\" class=\"attachment-large size-large wp-image-2347\" alt=\"\" srcset=\"https:\/\/casther.com\/web\/wp-content\/uploads\/2020\/11\/nuestros_productos_naranja_FINAL.jpg 700w, https:\/\/casther.com\/web\/wp-content\/uploads\/2020\/11\/nuestros_productos_naranja_FINAL-300x64.jpg 300w, https:\/\/casther.com\/web\/wp-content\/uploads\/2020\/11\/nuestros_productos_naranja_FINAL-600x129.jpg 600w\" sizes=\"(max-width: 700px) 100vw, 700px\" \/>\t\t\t\t\t\t\t\t\t\t\t\t\t<\/div>\n\t\t\t\t<\/div>\n\t\t\t\t\t<\/div>\n\t\t<\/div>\n\t\t\t\t\t<\/div>\n\t\t<\/section>\n\t\t\t\t<section class=\"elementor-section elementor-top-section elementor-element elementor-element-f16dec7 elementor-section-boxed elementor-section-height-default elementor-section-height-default\" data-id=\"f16dec7\" data-element_type=\"section\">\n\t\t\t\t\t\t<div class=\"elementor-container elementor-column-gap-default\">\n\t\t\t\t\t<div class=\"elementor-column elementor-col-100 elementor-top-column elementor-element elementor-element-0906356\" data-id=\"0906356\" data-element_type=\"column\">\n\t\t\t<div class=\"elementor-widget-wrap elementor-element-populated\">\n\t\t\t\t\t\t<div class=\"elementor-element elementor-element-b068632 elementor-widget elementor-widget-heading\" data-id=\"b068632\" data-element_type=\"widget\" data-widget_type=\"heading.default\">\n\t\t\t\t<div class=\"elementor-widget-container\">\n\t\t\t<h2 class=\"elementor-heading-title elementor-size-default\">Impermeabilizante\n<\/h2>\t\t<\/div>\n\t\t\t\t<\/div>\n\t\t\t\t<div class=\"elementor-element elementor-element-c6fb18b elementor-widget elementor-widget-text-editor\" data-id=\"c6fb18b\" data-element_type=\"widget\" data-widget_type=\"text-editor.default\">\n\t\t\t\t<div class=\"elementor-widget-container\">\n\t\t\t\t\t\t\t<p><strong>IMPERCASTHER<\/strong> es un impermeabilizante elaborado a base de resinas acr\u00edlicas estirenadas que ha sido formulado con las mejores materias primas para obtener un producto con altos est\u00e1ndares de calidad.<\/p><p><strong>Ventajas:<\/strong><\/p><p style=\"padding-left: 40px;\">F\u00e1cil aplicaci\u00f3n.<br \/>No requiere mano de obra especializada.<br \/>Resistencia al intemperismo.<\/p><p><strong>Recomendaciones:<\/strong><\/p><ul><li>No debe aplicarse a temperaturas inferiores a 10\u00b0 C o cuando amenace lluvia, antes de su aplicaci\u00f3n<\/li><li>Incompatible con sistemas impermeabilizantes asf\u00e1lticos<\/li><li>No mezclarlo con otros productos<\/li><li>Usarlo con ventilaci\u00f3n adecuada<\/li><li>Almacenarlo en lugar fresco con su tapa herm\u00e9ticamente colocada<\/li><li>Lavar con agua los utensilios inmediatamente despu\u00e9s de su utilizaci\u00f3n<\/li><li>No se recomienda para protecci\u00f3n de albercas, cisternas y lugares de inmersi\u00f3n cont\u00ednua<\/li><li>No dejar destapado el recipiente al aire libre<\/li><\/ul><p><strong>Presentaciones:<\/strong><\/p>\t\t\t\t\t\t<\/div>\n\t\t\t\t<\/div>\n\t\t\t\t<div class=\"elementor-element elementor-element-e0b959c elementor-icon-list--layout-traditional elementor-list-item-link-full_width elementor-widget elementor-widget-icon-list\" data-id=\"e0b959c\" data-element_type=\"widget\" data-widget_type=\"icon-list.default\">\n\t\t\t\t<div class=\"elementor-widget-container\">\n\t\t\t\t\t<ul class=\"elementor-icon-list-items\">\n\t\t\t\t\t\t\t<li class=\"elementor-icon-list-item\">\n\t\t\t\t\t\t\t\t\t\t\t<span class=\"elementor-icon-list-icon\">\n\t\t\t\t\t\t\t<i aria-hidden=\"true\" class=\"fas fa-dot-circle\"><\/i>\t\t\t\t\t\t<\/span>\n\t\t\t\t\t\t\t\t\t\t<span class=\"elementor-icon-list-text\">IMPERCASTHER 3 a\u00f1os e IMPERCASTHER 5 a\u00f1os<\/span>\n\t\t\t\t\t\t\t\t\t<\/li>\n\t\t\t\t\t\t\t\t<li class=\"elementor-icon-list-item\">\n\t\t\t\t\t\t\t\t\t\t\t<span class=\"elementor-icon-list-icon\">\n\t\t\t\t\t\t\t<i aria-hidden=\"true\" class=\"fas fa-dot-circle\"><\/i>\t\t\t\t\t\t<\/span>\n\t\t\t\t\t\t\t\t\t\t<span class=\"elementor-icon-list-text\">Colores rojo y blanco, verde sobre pedido<\/span>\n\t\t\t\t\t\t\t\t\t<\/li>\n\t\t\t\t\t\t\t\t<li class=\"elementor-icon-list-item\">\n\t\t\t\t\t\t\t\t\t\t\t<span class=\"elementor-icon-list-icon\">\n\t\t\t\t\t\t\t<i aria-hidden=\"true\" class=\"fas fa-dot-circle\"><\/i>\t\t\t\t\t\t<\/span>\n\t\t\t\t\t\t\t\t\t\t<span class=\"elementor-icon-list-text\">En envase de 4 L<\/span>\n\t\t\t\t\t\t\t\t\t<\/li>\n\t\t\t\t\t\t\t\t<li class=\"elementor-icon-list-item\">\n\t\t\t\t\t\t\t\t\t\t\t<span class=\"elementor-icon-list-icon\">\n\t\t\t\t\t\t\t<i aria-hidden=\"true\" class=\"fas fa-dot-circle\"><\/i>\t\t\t\t\t\t<\/span>\n\t\t\t\t\t\t\t\t\t\t<span class=\"elementor-icon-list-text\">En cubeta de 19 L<\/span>\n\t\t\t\t\t\t\t\t\t<\/li>\n\t\t\t\t\t\t\t\t<li class=\"elementor-icon-list-item\">\n\t\t\t\t\t\t\t\t\t\t\t<span class=\"elementor-icon-list-icon\">\n\t\t\t\t\t\t\t<i aria-hidden=\"true\" class=\"fas fa-dot-circle\"><\/i>\t\t\t\t\t\t<\/span>\n\t\t\t\t\t\t\t\t\t\t<span class=\"elementor-icon-list-text\">En tambo de 200 L<\/span>\n\t\t\t\t\t\t\t\t\t<\/li>\n\t\t\t\t\t\t<\/ul>\n\t\t\t\t<\/div>\n\t\t\t\t<\/div>\n\t\t\t\t<div class=\"elementor-element elementor-element-1dce8e6 elementor-widget elementor-widget-text-editor\" data-id=\"1dce8e6\" data-element_type=\"widget\" data-widget_type=\"text-editor.default\">\n\t\t\t\t<div class=\"elementor-widget-container\">\n\t\t\t\t\t\t\t<p><strong>Aplicaci\u00f3n:<\/strong><\/p><ul><li>Retire de la superficie a impermeabilizar cualquier parte suelta o en mal estado inclusive de impermeabilizantes anteriores.<\/li><li>Resane cualquier grieta que exista en la superficie, y espere a que seque completamente.<\/li><li>Barra perfectamente las esquinas, uniones, pretiles y en general toda la superficie donde vaya a impermeabilizar.<\/li><li>No aplicar sobre superficies h\u00famedas.<\/li><li>Diluya perfectamente un litro de Impercasther en 5 litros de agua y apl\u00edquelo con brocha, rodillo o cepillo en toda la superficie que va a impermeabilizar y espere hasta que est\u00e9 perfectamente seco.<\/li><li>Aplique uniformemente con brocha, cepillo o rodillo una primera capa de impermeabilizante sin diluir cuidando que toda la superficie incluyendo esquinas y pretiles quede perfectamente cubierta.<\/li><li>Espere a que seque completamente.<\/li><li>Aplique una segunda capa de impermeabilizante sin diluir en sentido cruzado a la primera capa.<\/li><\/ul><p><strong>Aplicaci\u00f3n con Membrana de Poli\u00e9ster (opcional):<\/strong><\/p><p style=\"padding-left: 40px;\">A criterio de la persona que aplique el impermeabilizante puede utilizar membrana de poli\u00e9ster en toda la superficie o solamente en \u00e1reas de alta humedad, tales como las que est\u00e1n debajo de tinacos, tanques estacionarios, \u00e1reas con mascotas o techos en dos aguas, etc., para obtener una mayor duraci\u00f3n.<\/p><p><strong>Aplicaci\u00f3n con membrana de poli\u00e9ster:<\/strong><\/p><ul><li>Retire de la superficie a impermeabilizar cualquier parte suelta o en mal estado inclusive de impermeabilizantes anteriores.<\/li><li>Resane cualquier grieta que exista en la superficie, y espere a que seque completamente.<\/li><li>Barra perfectamente las esquinas, uniones, pretiles y en general toda la superficie donde vaya a impermeabilizar.<\/li><li>No aplicar sobre superficies h\u00famedas.<\/li><li>Diluya perfectamente un litro de Impercasther en 5 litros de agua y apl\u00edquelo con brocha, rodillo o cepillo en toda la superficie que va a impermeabilizar y espere hasta que est\u00e9 perfectamente seco.<\/li><li>Vaya extendiendo la membrana al tiempo que va aplicando con brocha, cepillo o rodillo una capa de impermeabilizante sin diluir cuidando que toda la superficie incluyendo esquinas y pretiles quede perfectamente cubierta.<\/li><li>Espere a que seque completamente.<\/li><li>Aplique una segunda capa de impermeabilizante sin diluir en sentido cruzado a la primera capa.<\/li><\/ul>\t\t\t\t\t\t<\/div>\n\t\t\t\t<\/div>\n\t\t\t\t\t<\/div>\n\t\t<\/div>\n\t\t\t\t\t<\/div>\n\t\t<\/section>\n\t\t\t\t<\/div>\n\t\t","protected":false},"excerpt":{"rendered":"<p>Impermeabilizante IMPERCASTHER es un impermeabilizante elaborado a base de resinas acr\u00edlicas estirenadas que ha sido formulado con las mejores materias primas para obtener un producto con altos est\u00e1ndares de calidad. Ventajas: F\u00e1cil aplicaci\u00f3n.No requiere mano de obra especializada.Resistencia al intemperismo. Recomendaciones: No debe aplicarse a temperaturas inferiores a 10\u00b0 C o cuando amenace lluvia, antes [&hellip;]<\/p>\n","protected":false},"author":1,"featured_media":0,"parent":0,"menu_order":0,"comment_status":"closed","ping_status":"closed","template":"","meta":{"site-sidebar-layout":"no-sidebar","site-content-layout":"page-builder","ast-site-content-layout":"default","site-content-style":"default","site-sidebar-style":"default","ast-global-header-display":"","ast-banner-title-visibility":"","ast-main-header-display":"","ast-hfb-above-header-display":"","ast-hfb-below-header-display":"","ast-hfb-mobile-header-display":"","site-post-title":"disabled","ast-breadcrumbs-content":"","ast-featured-img":"disabled","footer-sml-layout":"","ast-disable-related-posts":"","theme-transparent-header-meta":"default","adv-header-id-meta":"","stick-header-meta":"","header-above-stick-meta":"","header-main-stick-meta":"","header-below-stick-meta":"","astra-migrate-meta-layouts":"default","ast-page-background-enabled":"default","ast-page-background-meta":{"desktop":{"background-color":"","background-image":"","background-repeat":"repeat","background-position":"center center","background-size":"auto","background-attachment":"scroll","background-type":"","background-media":"","overlay-type":"","overlay-color":"","overlay-opacity":"","overlay-gradient":""},"tablet":{"background-color":"","background-image":"","background-repeat":"repeat","background-position":"center center","background-size":"auto","background-attachment":"scroll","background-type":"","background-media":"","overlay-type":"","overlay-color":"","overlay-opacity":"","overlay-gradient":""},"mobile":{"background-color":"","background-image":"","background-repeat":"repeat","background-position":"center center","background-size":"auto","background-attachment":"scroll","background-type":"","background-media":"","overlay-type":"","overlay-color":"","overlay-opacity":"","overlay-gradient":""}},"ast-content-background-meta":{"desktop":{"background-color":"var(--ast-global-color-5)","background-image":"","background-repeat":"repeat","background-position":"center center","background-size":"auto","background-attachment":"scroll","background-type":"","background-media":"","overlay-type":"","overlay-color":"","overlay-opacity":"","overlay-gradient":""},"tablet":{"background-color":"var(--ast-global-color-5)","background-image":"","background-repeat":"repeat","background-position":"center center","background-size":"auto","background-attachment":"scroll","background-type":"","background-media":"","overlay-type":"","overlay-color":"","overlay-opacity":"","overlay-gradient":""},"mobile":{"background-color":"var(--ast-global-color-5)","background-image":"","background-repeat":"repeat","background-position":"center center","background-size":"auto","background-attachment":"scroll","background-type":"","background-media":"","overlay-type":"","overlay-color":"","overlay-opacity":"","overlay-gradient":""}},"footnotes":""},"class_list":["post-1949","page","type-page","status-publish","hentry"],"_links":{"self":[{"href":"https:\/\/casther.com\/web\/wp-json\/wp\/v2\/pages\/1949"}],"collection":[{"href":"https:\/\/casther.com\/web\/wp-json\/wp\/v2\/pages"}],"about":[{"href":"https:\/\/casther.com\/web\/wp-json\/wp\/v2\/types\/page"}],"author":[{"embeddable":true,"href":"https:\/\/casther.com\/web\/wp-json\/wp\/v2\/users\/1"}],"replies":[{"embeddable":true,"href":"https:\/\/casther.com\/web\/wp-json\/wp\/v2\/comments?post=1949"}],"version-history":[{"count":14,"href":"https:\/\/casther.com\/web\/wp-json\/wp\/v2\/pages\/1949\/revisions"}],"predecessor-version":[{"id":2355,"href":"https:\/\/casther.com\/web\/wp-json\/wp\/v2\/pages\/1949\/revisions\/2355"}],"wp:attachment":[{"href":"https:\/\/casther.com\/web\/wp-json\/wp\/v2\/media?parent=1949"}],"curies":[{"name":"wp","href":"https:\/\/api.w.org\/{rel}","templated":true}]}}